ist the prime factors of n.
2
Suppose -50 = -2*y + 44. Let a = y - 32. What are the prime factors of a?
3, 5
Let j = 15 + -1. What are the prime factors of (-242)/(-14) + (-4)/j?
17
What are the prime factors of ((-2)/6)/(3/(-306))?
2, 17
Let b(a) = 5*a**3 - 6*a**2 - a - 11. Let p(f) = -14*f**3 + 18*f**2 + 3*f + 32. Let k(j) = 11*b(j) + 4*p(j). What are the prime factors of k(6)?
13
Suppose 2*x + 2*x = 8. Suppose 2*s = 4*o - 12, -3*o + 4*s - 4 = -x*o. List the prime factors of o.
2
Suppose 4*m = 6 - 2. Let x(j) = 9*j**2 + 2*j - 1. List the prime factors of x(m).
2, 5
Let f = 31 - 0. Let p = f + -18. What are the prime factors of p?
13
Suppose 2*x - 84 = 6*x. Let u = -13 - x. List the prime factors of u.
2
Let r = 9 + -5. Let q be 3 + (-3)/((-6)/(-2)). Suppose 3*o + q*h - 30 = -o, -o + 11 = r*h. List the prime factors of o.
7
Let d(f) = 1 + 2*f + 3*f + 2 - 4*f. Suppose 26 - 2 = 2*j. What are the prime factors of d(j)?
3, 5
Let t(f) = -f**2 + 2*f. Let o be t(2). Let s be (o - -7) + 1 + -2. Suppose s*q - 2*q - 47 = y, 49 = 5*q + 2*y. List the prime factors of q.
11
Suppose -w + 5*w = 16. Suppose 4 + 8 = w*l. Suppose -5*s + p + 17 = -10, 0 = 3*s - l*p - 9. List the prime factors of s.
2, 3
Let q(x) be the second derivative of x**7/2520 - x**5/60 + x**4/12 + 2*x. Let p(c) be the third derivative of q(c). List the prime factors of p(-2).
2
Suppose -5*j = -2*h - j + 184, -2*j = -2. What are the prime factors of h?
2, 47
Suppose -3*z - 3 - 25 = -5*o, -4*o + 44 = 3*z. Suppose 3*d + o = p - 2, -4*d + 3*p - 20 = 0. What are the prime factors of 0 + -2 - -2 - d?
2
Let f(x) = -x**3 + x + 8. Let c be f(0). Let l(w) = w**3 - 3*w**2 - 4*w + 5. Let p be l(4). Let j = c - p. List the prime factors of j.
3
Let w be (-3 + (2 - 1))*-2. Let b be w*(0 - (0 - 1)). Suppose b = t + t. What are the prime factors of t?
2
Let a = 15 - 14. List the prime factors of -1 - a/(1/(-60)).
59
Let k = -3 + 0. Suppose 0 = 6*v - v + 15. What are the prime factors of k - v - (-2 + 0)?
2
Let g(w) = -63*w**2 - 1. Let z be g(1). Let p = z - -95. Suppose -11 = -3*i + p. List the prime factors of i.
2, 7
Let b be (1*(1 - -1))/(-1). Let y = b + 7. List the prime factors of (-18)/(2 - y) - 0.
2, 3
Let g = -1 + 0. Let f = g - -20. List the prime factors of f.
19
Suppose -15 = -3*j + 12. List the prime factors of 2*(j + (3 - 5)).
2, 7
Let d(q) = -5*q**3 + q**2 + q - 1. Let h be d(1). Let c = 21 - 27. Let n = h - c. What are the prime factors of n?
2
Suppose -14*h + 297 = -627. What are the prime factors of h?
2, 3, 11
Let m = -1 + -4. Let b be (-3 - m)*(-2)/(-2). What are the prime factors of b/(-10) + (-112)/(-10)?
11
Suppose 0 = -2*m + 3*z - 4, -m + 0*m + 5*z - 16 = 0. Suppose 108 = 4*c + m*b, 115 = 4*c - b - 2*b. What are the prime factors of c?
2, 7
Suppose -x = -3*o - 6*x + 321, 0 = 4*x - 12. What are the prime factors of o?
2, 3, 17
Let x(v) be the first derivative of v**3/3 + v**2 - 5. Suppose -h = -4*i + 10, 0 = 2*h + 4*i - 4 - 12. What are the prime factors of x(h)?
2
Let q be (-2 - (-9)/3) + 1. Suppose 0 = -2*i + 5*l - q, -20 = -4*i + 2*l - 4*l. Suppose 0 + i = d. List the prime factors of d.
2
Let a(t) = 16*t**2 + 7*t - 11. List the prime factors of a(3).
2, 7, 11
Let w = 87 - 38. What are the prime factors of w?
7
Let o = 1 + 10. Let i = -5 + o. What are the prime factors of -10*1*(-3)/i?
5
Suppose -2*c - 16 = -5*j - 55, -3*c - 5*j + 71 = 0. List the prime factors of c.
2, 11
Suppose -5*r - 15 = 0, -c = 2*r - 4*r - 14. Let p = -4 + c. What are the prime factors of p?
2
Let g be (8/(-6))/((-2)/6). Suppose 5*u = 4*y - 6, 0 = 2*u - 5*y - 1. Let j = g + u. What are the prime factors of j?
2
Let c = 17 + -7. What are the prime factors of 30/9*126/c?
2, 3, 7
Suppose 0*u = 4*r - u - 236, 2*r - 2*u = 118. What are the prime factors of r?
59
Let n = -262 + 390. List the prime factors of n.
2
Let j be (-1)/2 + 44/(-8). Let q(k) = -4*k - 13. List the prime factors of q(j).
11
Suppose 2*k - 28 = -2*u + 6*k, 26 = u + 2*k. Suppose v - 4*h = u, -v = -0*h + h + 5. Suppose v*z - 2*z + 24 = 0. List the prime factors of z.
2, 3
Suppose -1 - 3 = -2*s. Suppose 3*c = 3 + 3. Suppose -13 = -s*q + a - c, -5*q + 45 = a. List the prime factors of q.
2
Suppose 3*t = 24 + 48. What are the prime factors of t?
2, 3
Let y(v) = v**3 + 6*v**2 - 8*v + 10. Let j(w) = w. Let t(a) = -4*j(a) - y(a). Let p = 2 - 9. What are the prime factors of t(p)?
11
Let m = 236 - 76. Suppose 419 - m = 7*d. What are the prime factors of d?
37
Let w = -1 - 4. Let s(n) = n**2 + 4*n. What are the prime factors of s(w)?
5
Let p(r) = -r + 10. Let x be p(7). Let y = 12 + -4. Let g = y + x. List the prime factors of g.
11
Suppose -6*b + 57 + 321 = 0. What are the prime factors of b?
3, 7
Let n(r) be the second derivative of r**4/12 + r**3/3 + 5*r**2/2 + 2*r. List the prime factors of n(-5).
2, 5
Suppose 497 = 5*k + 4*q, k + 25 - 128 = q. What are the prime factors of k?
101
Let f be (1/(-3))/((-1)/12). Suppose 0*s + s = f. Suppose 2*d + 4*r - s = -0, 5*d = -4*r + 10. What are the prime factors of d?
2
Suppose -3*a + 31 = 5*l, 6*a - 2*a = 5*l - 52. What are the prime factors of l?
2
List the prime factors of -1*(-3 + 0 - 265) - 4.
2, 3, 11
Suppose a + 2*a + 34 = -v, 0 = -5*a + 5*v - 30. Let k(i) = -i**2 - 12*i - 8. What are the prime factors of k(a)?
2, 3
Let i = -10 + 39. List the prime factors of i.
29
Let c be (-6)/10 - 8/(-5). Let h(k) = -k + 7. Let m be h(5). List the prime factors of m - (0 + (-4)/c).
2, 3
Let k(m) = -6 + 0*m - 2 - 1 + 2*m. Suppose 7*d - 35 = 2*d. What are the prime factors of k(d)?
5
Let v(l) = l + 4. Let z be v(-6). Let o be (1/z)/(1/16). Let c = -3 - o. What are the prime factors of c?
5
Suppose -2*s = -3*j + j - 12, -2*s = 3*j - 2. Let c = 8 - 6. Let v = c + s. What are the prime factors of v?
2, 3
Let p(r) = -r**3 + 4*r**2 - 2*r + 2. Let i be p(3). List the prime factors of 28/10 + i/25.
3
Let i = -5 - -1. List the prime factors of (-2)/i + (-115)/(-10).
2, 3
Suppose -27 = -19*f + 11. What are the prime factors of f?
2
Let j(r) = r**3 + 5*r**2 - 8*r - 5. Let x be j(-6). Suppose 2*z - 31 = x. What are the prime factors of z?
19
Let m = -27 + 11. Let j = m - -39. What are the prime factors of j?
23
Suppose 0 = -6*v + 2*v - 56. Let i = -11 - v. List the prime factors of i.
3
Suppose 4*t + t = 3*m + 18, 4*t - 12 = 0. List the prime factors of 530/25 + m/5.
3, 7
Let f(w) = -w**2 + 11*w - 9. Let m be (9/(-15))/((-1)/10). What are the prime factors of f(m)?
3, 7
Let d = 39 + 52. List the prime factors of d.
7, 13
List the prime factors of -2*(-20)/8*3.
3, 5
List the prime factors of (11 + -4)*(-220)/(-14).
2, 5, 11
Let l = -65 + 67. Suppose 4*h - 12 = 2*x, 2*h = -0*x - 5*x + 6. Suppose 5*d - 4*v - 30 = 0, l*v + 0 = -h*d - 4. List the prime factors of d.
2
Let j(t) = t**3 - 2*t**2 - 4. Let v be j(3). Suppose -v*y + 76 = -2*o, -4*y + y + 42 = -3*o. What are the prime factors of y?
2
Let z(w) = -w**3 + 11*w**2 + 4. Let x be z(11). Suppose -4*g + 4 = -x. What are the prime factors of 1/(g/(-1))*-14?
7
Let s = -11 + 7. Let o be (-3)/s*(9 + -1). List the prime factors of o/(-18) + 25/3.
2
Suppose 369 = -s - 421. What are the prime factors of s/(-25) - (-6)/(-10)?
31
Let f(a) = -a**2 + 7*a - 9. Let s be f(7). Let d = s - -17. Suppose 2*n + 2*n - d = 0. What are the prime factors of n?
2
Let s = -13 - -36. List the prime factors of s.
23
Let s = -1 + 3. Let q(p) = p + 6. Let y be q(-6). Suppose -18 = -s*z - y*z. List the prime factors of z.
3
Suppose -4*v + 128 = -0*v. What are the prime factors of v?
2
Suppose 5*c = l - 20, -5*c - 39 + 4 = -4*l. Let h(u) = -u**3 + 5*u**2 + 6*u - 3. What are the prime factors of h(l)?
3
Suppose 0*i - 5 = -5*i. Suppose -5 - i = -2*n. What are the prime factors of n?
3
Let o be 39/(-9) - (-2)/6. What are the prime factors of o/(-6) + 28/3?
2, 5
Let s be (-3)/(2*(-3)/6). Suppose -b - 64 = -s*b. Let o = -16 + b. List the prime factors of o.
2
Suppose -9 - 7 = -2*d. List the prime factors of d.
2
Suppose c - 20 = -3*c. Suppose -c*y + o + 7 = 0, -3*o = -1 - 8. What are the prime factors of y?
2
Suppose -3*c - 11 = -4*b, 3*b - c - 22 = -2*b. Suppose 0*j = b*x + 2*j - 138, x - 38 = -3*j. What are the prime factors of x?
2, 13
Let n = -14 - -22. Suppose -5*q + 65 - 15 = -3*z, q + 3*z + n = 0. Let g 